- w = d. List the prime factors of 2/(-3) + d/(-6).
2, 3
Let m(h) be the second derivative of h**5/20 + 2*h**4/3 + 3*h**3/2 + 2*h**2 - 10*h. Let v be m(-7). Let p = 53 + v. List the prime factors of p.
43
Let v = 17 + -11. Suppose -v*c = -92 - 16. Let k = 22 + c. What are the prime factors of k?
2, 5
Let i(y) = 2*y**2 + 4*y + 2. Let z be i(-2). Suppose -z*n + 3*n - 58 = 0. Let p = -31 + n. What are the prime factors of p?
3
Suppose 16888 = 3*n + 4*q, -26619 = -4*n + q - 4108. What are the prime factors of n?
2, 3, 7, 67
Let f(i) = -i**2 - 10*i - 15. Let w be f(-6). Suppose -7*t = -w*t + 144. List the prime factors of t.
2, 3
Let w be ((-4)/2)/((-1)/(-6)). What are the prime factors of w/(-9) + (-62)/(-3)?
2, 11
Let c(v) = -169*v + 203. What are the prime factors of c(-8)?
5, 311
Suppose -15*l + 10*l = 2*j - 14971, 0 = 2*l - 3*j - 5977. List the prime factors of l.
41, 73
Let z = 970 + 380. List the prime factors of z.
2, 3, 5
Let t(m) = 31*m + 184. Let q be t(-7). Let p = -51 + 6. Let z = q - p. What are the prime factors of z?
2, 3
List the prime factors of 305 - (-6)/(30/25).
2, 5, 31
Suppose -4*o + 644 = -0*o. Suppose -3*h + 479 = o. Suppose 0 = -4*g + g + 4*a + 109, 3*g = a + h. List the prime factors of g.
5, 7
Let z(g) = 3*g**2 + g. Let x be z(1). Suppose 0 = 2*b - 108 + x. What are the prime factors of b?
2, 13
Suppose 0 = -2*x + 3*x + 4*j - 9, -5*x - 5*j = -30. Suppose x*h - 3*w = 270, 0*h + 2*h + 2*w - 108 = 0. What are the prime factors of h?
2, 3
Let c(n) = n**3 - n**2 - 10*n + 7. Let j be 5/2*(-13)/(390/(-72)). List the prime factors of c(j).
127
Suppose -4*w + 30 = -2*c, -4*w + c + 6 + 21 = 0. Let z(m) = 4*m**2 - 5*m + 19. List the prime factors of z(w).
7, 19
Suppose 6*t - 2024 = -254. What are the prime factors of t?
5, 59
Suppose 25*p - 41*p + 7008 = 0. List the prime factors of p.
2, 3, 73
Let x(m) = m. Let g be x(0). Let i = 61 - 58. Suppose g = -i*n + 7 + 26. List the prime factors of n.
11
Suppose 0 = 4*k + 4*o + 3 - 7, k - 5*o = -5. Let z = 4 - k. Suppose 0 = -d + z*d - 60. What are the prime factors of d?
2, 5
Let z be (-7)/(-14)*-14*25/(-1). What are the prime factors of 2094/14 + 75/z?
2, 3, 5
Suppose 0*r + 20 = 5*r. Suppose -t - r*t = -20. Let h = 15 - t. What are the prime factors of h?
11
Suppose -490*m - 70 = -497*m. What are the prime factors of m?
2, 5
Let v(u) = 2*u**3 - u + 8. Let i be v(0). Let c = -8 + i. Suppose 3*q + q - 108 = c. What are the prime factors of q?
3
Suppose -3*f + 3*y - 6 = -6*f, 3*f - y - 6 = 0. Let k be 1/((-2)/(-564)*f). Suppose u - 4*u = -k. What are the prime factors of u?
47
Suppose -414*j = -395*j - 102220. What are the prime factors of j?
2, 5, 269
Let y(p) = p**2 + 6*p + 3. Let f be y(-5). Let c(v) = 2*v**3 + 3*v**2 + 3*v - 1. Let b be c(f). Let g = -2 - b. What are the prime factors of g?
3
Suppose -1 = 3*d + 3*i - 7, -2*d + 5*i = -4. Suppose 0 = -d*z - l + 643, 3*z + 5*l = 995 - 20. List the prime factors of z.
2, 5
Suppose 3*u + 3*y - 5967 = 0, -5971 = -3*u + 24*y - 28*y. List the prime factors of u.
5, 397
Let h(x) = -7*x**3 + 8*x**2 + 13*x + 6. Let g(i) = 3*i**3 - 4*i**2 - 6*i - 3. Let c(l) = 5*g(l) + 2*h(l). List the prime factors of c(5).
2
Let k(n) = n**2 + 14*n + 23. Let t be k(-11). What are the prime factors of ((-5)/t)/(1/132)?
2, 3, 11
Let h(k) = 4*k**2 + 2*k + 4. Let n be h(5). Suppose 5*m - n + 15 = 4*x, 5*m = -4*x - 109. Let z = 49 + x. List the prime factors of z.
23
List the prime factors of 310176/378 - (6/(-14))/1.
821
Let o(f) = -f + 4. Let c be o(6). Let t be -3*((-3 - c) + 0). Suppose -9 = a - 5*d + 6, -5 = -2*a + t*d. What are the prime factors of a?
2, 5
Suppose 115 = 5*p + 4*g, p - 2*g - 2 = 7. Let d = p - 12. List the prime factors of ((-2)/d)/((-5)/35).
2
Let w = -23 + 26. Suppose w*m = 52 + 104. What are the prime factors of m?
2, 13
Let i = 5041 + -2233. What are the prime factors of i?
2, 3, 13
Let r(k) = k**3 + 13*k**2 + 21*k + 10. Let d be r(-10). Let b be 1 - (2 + 0) - -71. Suppose d + b = 5*i. List the prime factors of i.
2, 17
Let t(i) = i**3 + 10*i**2 - 2*i + 11. Let w be t(-11). Let y = 147 + w. List the prime factors of y.
59
Let i(g) = 71*g**2 + 9*g + 3. What are the prime factors of i(-2)?
269
Suppose 4*s + 7762 = 5*k + 6*s, 3*s = 3*k - 4653. List the prime factors of k.
2, 97
Let z(a) = -3*a**3 - 2*a**2 + 21*a + 6. List the prime factors of z(-5).
2, 113
Let w(j) = -2*j**2 + 13*j - 6. Let g be w(4). Let b = g - -130. List the prime factors of b.
2, 3
Let p = -471 - -957. What are the prime factors of p?
2, 3
Suppose -2*m + 34 = -l - 0*l, -2*m - 5*l = -46. Suppose -21*y + m*y + 453 = 0. List the prime factors of y.
151
Let c be (2 + -2)*(-6)/12*-1. Suppose 0 = -5*t - c*t + 435. What are the prime factors of t?
3, 29
Let h = 235 + 554. What are the prime factors of h?
3, 263
Suppose -2*l + 3*l = 2. Let j(r) = 11*r**3 + 2*r**2 - 2*r - 1. Let b be j(l). What are the prime factors of 14/b - 427/(-13)?
3, 11
Let g = 345 - -108. What are the prime factors of g?
3, 151
Suppose d - 2*p + 64 = 0, -186 = 5*d + 4*p + 106. List the prime factors of d/25*(-40)/3.
2
Let u(q) = -91*q**2 + 4*q - 2. Let o be u(1). Let b = 17 - o. List the prime factors of b.
2, 53
List the prime factors of (4/4)/(24/88872).
7, 23
List the prime factors of 8334/10 + ((-224)/(-40))/(-14).
7, 17
List the prime factors of 7/49*7*(-6238)/(-2).
3119
Suppose 3*d + 1032 + 873 = j, -d + 5705 = 3*j. What are the prime factors of j?
2, 3, 317
List the prime factors of (-12)/120*-17432 - (-1)/(-5).
3, 7, 83
Let s(j) = j**3 - 9*j**2 - 14*j + 16. Let z(u) = -u + 15. Let p be z(4). List the prime factors of s(p).
2, 13
Let z = 1 - 1. Suppose 4*d - 3 - 1 = z, -4*d = -p - 1. Suppose 2*o = -l + 5, 2*o - 9 = -p*l + 10. List the prime factors of l.
7
Let p(y) = 686*y**2 - 3*y + 5. List the prime factors of p(2).
13, 211
Let i(g) = 6*g - 2*g - 5*g. Let o be i(-2). Suppose 4*m - o = 22. What are the prime factors of m?
2, 3
Let n = -178 + 198. List the prime factors of n.
2, 5
Let m = 114 - 46. What are the prime factors of ((-3)/27)/(6/(-27))*m?
2, 17
Let h(j) = -j**3 - 9*j**2 + 13*j + 17. Let p be h(-10). Let f(w) = w**3 + 13*w**2 - 7*w - 32. List the prime factors of f(p).
59
Let y be (-8 + 6)*(-39)/(-2). Let z = y + 66. What are the prime factors of z?
3
Suppose -1 = j - 4. Suppose -j*p = a - 0*a - 8, a + 4*p = 10. Suppose 5*d - 4 = -5*g + a*g, 4*g - 16 = -4*d. What are the prime factors of g?
2
List the prime factors of 66465/195 + (-2 - 28/(-13)).
11, 31
Let q = -2658 + 4588. What are the prime factors of q?
2, 5, 193
Let n(x) = x**2 - 26*x - 25. Let z be n(27). Suppose -337 = -z*m - l, 835 = 4*m + m + 5*l. List the prime factors of m.
2, 5, 17
Suppose -3*a = i - 73, 0 = -4*i + 2*a - 4 + 310. List the prime factors of i.
2, 19
Let f(b) = 73*b + 7. Let a(d) = -74*d - 6. Let s(i) = 6*a(i) + 5*f(i). List the prime factors of s(-3).
2, 59
Suppose 3*r = -v + 12, 2*r + 5*v - 5 = -2*r. Suppose -r*d + 2*d = -30. List the prime factors of d*(-9)/(-6) + -3.
2, 3
Suppose -11 - 4 = 5*h. Suppose -2*v - 10 = 2*w, -2*v + 1 = -2*w - v. What are the prime factors of h*26*w/12?
13
Let z be 6*4/3 - 4. Suppose -2*i = -0*o - 4*o - 46, 0 = z*o - i + 47. List the prime factors of (-9)/(-6)*o/(-9).
2
Let w(x) be the first derivative of x**6/360 - x**5/20 - 3*x**4/8 + 5*x**3/3 - 5. Let s(f) be the third derivative of w(f). What are the prime factors of s(9)?
2, 3
Let p = -37 - -101. Suppose v + 351 - 65 = 4*x, -x + p = -4*v. What are the prime factors of x?
2, 3
Let p = 53 + -45. What are the prime factors of p?
2
Let g(s) = 19*s - 1. Let o be g(1). List the prime factors of 318/2*3/o*8.
2, 53
What are the prime factors of -6 + (-20)/(-2) - -224?
2, 3, 19
Suppose 2*v - 9458 = -2*v - 5*d, 4*d + 7078 = 3*v. List the prime factors of v.
2, 1181
Let b = -38 + 38. Suppose t + 3*t = b, -z = t - 18. What are the prime factors of z?
2, 3
Let f be (-9)/(-3) - (0 - -1). Suppose -13 = -h + f. Suppose 3*l - h = -0. List the prime factors of l.
5
Suppose 4*x + 136 - 2908 = 0. What are the prime factors of x?
3, 7, 11
Suppose 24*m - 716 = 4348. List the prime factors of m.
211
Let u(k) = 257*k**2 - 24*k + 24. What are the prime factors of u(1)?
257
Let b(z) = z + 6. Let p be b(9). Let x = p + -13. Suppose -3*l - 3*i = -7*l + 1